- 3563114. Is j a composite number?
True
Let b = 29 + -30. Let f be -1 + b + 2 + -4. Is ((-10)/f + -3)*-2122 prime?
True
Suppose -3*j + 433269 = -8*t - 7*t, -433307 = -3*j - 4*t. Is j a composite number?
True
Let g(a) = 200*a**2 - 42*a + 1. Is g(-9) composite?
True
Suppose -48*h + 668070 + 208261 + 96197 = 0. Is h a prime number?
True
Suppose 0 = o + o - 4*h - 84, -3*h = -3*o + 123. Let m(n) = 6*n + o*n**2 + 11 + 2 - 14. Is m(3) a composite number?
True
Let v = 99126 - 62234. Suppose -v + 208308 = 8*g. Is g composite?
True
Suppose -2126 + 10827 = -t - 5*a, -2*t + 4*a - 17472 = 0. Let w = -3099 - t. Is w prime?
False
Is 11*(-1738315)/(-25) - 8/5 a composite number?
False
Suppose -47229 = 32*j + 44035. Is (-16)/(-2) - 9 - j a composite number?
False
Let j = -182 - -543. Is j/1 - (-140)/35 a composite number?
True
Let d(l) = 1061*l**3 - 11*l**2 + 21*l + 15. Let m(t) = 212*t**3 - 2*t**2 + 4*t + 3. Let w(z) = 2*d(z) - 11*m(z). Is w(-1) a composite number?
True
Let f(h) = 287*h**3 - 80*h**2 + h + 3. Is f(7) composite?
False
Suppose 1310 = d + 2*y, 7431 = 4*d - 4*y + 2119. Is d prime?
False
Suppose -6*n = -14*n - 1040. Let w = 115 + n. Is (-7368)/20*w/6 a composite number?
True
Let x = -544 + 542. Let h(v) = -2015*v**3 + 7*v + 5. Is h(x) composite?
False
Let q(a) = 19164*a**2 - 171*a - 1. Is q(6) a prime number?
False
Let d = 13698 - 7942. Suppose 2*n - 6*n = -d. Is n a prime number?
True
Suppose -f - y + 5047 = 3*f, -3785 = -3*f - y. Suppose 5*k - 4*l = -6*l + 3197, -5*l = 2*k - f. Is k a prime number?
True
Suppose -7*n + 5*n = -20. Suppose -n*h = 4 - 14. Suppose b + 3*f = 225, 0 = -2*f + 7 + h. Is b composite?
True
Suppose 3*q - r - 8075 = 0, 3*r + 0*r + 10765 = 4*q. Suppose 32*j = 28772 - q. Is j composite?
True
Suppose -1170764 = -21*n + 348313. Is n a composite number?
False
Let g be -2*5/(-2) + 70 + -70. Suppose 3*t + c - 7611 = 18729, -5*c - 43880 = -g*t. Is t prime?
True
Suppose 0 = 30*n - 3613464 - 4932246. Is n composite?
False
Let s(d) = -14*d - 22 + 0*d - 6*d + 3 - d**2. Let f be s(-19). Suppose -r + 748 - 191 = f. Is r composite?
False
Suppose -4*a + 21213 = 5*l, -2*a = -29 + 15. Is l a composite number?
True
Suppose 0 = -30*m + 29*m + o + 126069, 0 = -m + 4*o + 126093. Is m a composite number?
True
Suppose -561*q - 6169850 = -611*q. Is q composite?
False
Suppose -4*t = -2*x + 6, -5*t + 10 = 5. Suppose -g = 4*b - 31173, x*g - 21*b = -16*b + 155765. Is g composite?
True
Suppose 93*f = 91*f + 74. Suppose f*h - 34561 - 43953 = 0. Is h composite?
True
Suppose 13*h - 56030 = 373607. Is h composite?
False
Let t be (3 + (-18)/10)*(-10)/(-4). Let m = 4 + -1. Suppose t*x = -2*h + 1193, 0*h - 1195 = -m*x - 4*h. Is x prime?
True
Suppose 5*j = 2*q - 86436, 17*q + j = 20*q - 129667. Is q prime?
True
Suppose -3*g - 42*c + 2856132 = -43*c, 5*c + 3808165 = 4*g. Is g prime?
False
Let y(t) = 188*t**3 - 7*t**2 + 22*t + 10. Is y(6) a prime number?
False
Let t(i) = i + 13. Let s be t(8). Let q(c) = -18*c + 54*c + s + 10*c. Is q(17) composite?
True
Suppose 14*s + 48789 = 5123. Let u = 4600 + s. Is u a prime number?
True
Let h = -173088 + 326495. Is h prime?
True
Let d(s) = 7*s - 18. Let j be d(4). Let g(t) = 230*t + 23. Is g(j) composite?
True
Let y be (5 - 1) + -2 - -6. Let p(g) = 39*g**2 - 13*g + 79. Is p(y) a prime number?
False
Let g be 128/24 - 1/3. Suppose 4*w - 4*i = -1876, g*w + 1395 = 2*w - i. Let u = -75 - w. Is u composite?
True
Let m(a) = 4*a + 10629. Let q = 86 - 86. Let r be m(q). Suppose 5*z = r - 1124. Is z prime?
True
Suppose 5*g + 9 = 2*w, 4*w + 7*g - 32 = 3*g. Let j(n) = 6 + w + 6 + 36*n - 6. Is j(24) composite?
False
Let f(b) be the second derivative of -b**5/10 - b**4/2 + 13*b**3/6 - 2*b**2 + 32*b - 2. Is f(-9) a prime number?
False
Let g(s) = 1450623*s**3 - 22*s**2 + 28*s - 8. Is g(1) a composite number?
True
Let o = 6928 + 31185. Let m = o + -1533. Suppose -11*x - 8211 = -m. Is x prime?
True
Let v be (-4)/3 + 1252/12. Let d = v - 93. Suppose -d*g + j + 8423 = -7*g, j = -g + 2813. Is g prime?
False
Is (23 - (18 - -28)) + 241734 composite?
False
Is (63 - 63) + (-1)/2*(-1 + -924477) a prime number?
True
Suppose -m = 3*g - 202394 - 1247949, 5*m = 3*g + 7251751. Is m composite?
True
Suppose 57*x - 330 = 60*x. Is (-88)/x*(-4045)/(-2) prime?
False
Let v(i) = 81*i + 57. Let h(w) = 41*w + 29. Suppose -29 = -4*r + 15. Let k(a) = r*h(a) - 6*v(a). Is k(-26) a composite number?
False
Let w = -28 - -4. Suppose 8*h = 10*h - 12. Is 3850/h - w/(-36) prime?
True
Suppose -11409*c + 11417*c - 1510024 = 0. Is c a prime number?
True
Let o(x) = 67*x**2 - 21*x + 67. Let m be 9 - -3*(8/(-3) - -2). Is o(m) prime?
True
Suppose -63*x + 1587595 + 2041898 = 0. Is x a prime number?
False
Let u(j) = -j + 6. Let k be u(-2). Let y be (302/(-3))/(1*k/(-36)). Let m = y - 304. Is m composite?
False
Let g(b) = 2*b**3 - 8*b**2 - 5*b + 12. Let s(n) = -n**2 + 4*n - 3. Let v be s(3). Suppose 4*x = -4*c + 16, v*x - 2 = 2*x. Is g(c) a composite number?
False
Let r = -140 + 609. Let a(p) = 22 - r*p + 435*p - 3. Is a(-6) composite?
False
Let x(t) = t + 1. Let v be x(-1). Suppose 29*r - 32*r = v. Is (-1 + r)/((-31)/24397) a composite number?
False
Suppose -3*l - 6 - 36 = 2*k, -k = -2*l - 35. Is 87826*((-24)/l + -1) composite?
False
Suppose 6*r + 10*r - 464 = 0. Suppose -2*n + y - r = -1732, y = 5*n - 4250. Is n a composite number?
True
Is ((417664/78)/(-16))/(8/(-3054)) a prime number?
False
Let b = 447863 - 279972. Is b prime?
True
Suppose -b + 3 = -u - 2, -4*b + 2*u = -16. Suppose -4*q + 82552 = -b*m, -3*m + 4*m + 41274 = 2*q. Is q prime?
False
Let t(y) be the second derivative of 0 + 2*y**2 + 53/2*y**3 + 14*y. Is t(1) prime?
True
Suppose 5*t = 5, 307*f - 5*t - 67847 = 305*f. Is f a prime number?
False
Let t be 1*478*23/46. Suppose 232*g = t*g - 27811. Is g prime?
False
Let m(w) = w**3 - 13*w**2 + 25*w - 43. Let y be m(11). Is (1117/5)/(4 + 38/y) composite?
False
Suppose 96*v - 33 = 93*v. Let t = 6 + -2. Suppose -6377 = -v*l + t*l. Is l composite?
False
Let a be (-12)/9*(2840 + -2). Let h be 6/(-2)*a/(-6). Is 2 - h - (2 - 4)/2 a composite number?
True
Let f(v) = 20874*v**3 + 20*v**2 + 21*v - 97. Is f(4) a composite number?
True
Suppose -2*h + 2*x + 4890 = 3*h, 0 = -3*h + x + 2935. Suppose 15*r = 310 + h. Let s = r - -27. Is s composite?
False
Let w be 2 + (4 - 9) + 121. Let o = w - 869. Is 4 + -3 + 3 - o a prime number?
False
Is 21234*17 - (-2)/(26/(-65)) composite?
False
Let v(y) = 65150*y + 1247. Is v(4) a prime number?
True
Let u(m) = 23*m**2 + 44*m - 3. Suppose 6 = -2*a - 10. Is u(a) a prime number?
True
Suppose h - 1775 = -j, -5*h - 3*j + 4327 = -4556. Suppose 6*u - 9*u = -3*r + 5361, h = r + u. Is r composite?
False
Let h = -447 + 458. Let f(p) = 25*p**2 - 22*p - 16. Is f(h) prime?
True
Let y = 8943 - 606. Let b be y/(8/12 - (-3)/36). Suppose 8*g + 3380 = b. Is g a prime number?
True
Suppose y = 2*i - 388823, -4*i - 4*y - 165314 + 942978 = 0. Is i prime?
True
Let i(d) = 78*d - 5. Let a be i(5). Suppose 17*u + a = 12*u. Let h = 276 - u. Is h prime?
True
Let f(i) be the second derivative of -i**5/20 + 7*i**4/4 - i**3/3 - 25*i**2/2 - i. Suppose 3*s + 42 = -3*z + 81, 0 = 4*z + s - 55. Is f(z) a prime number?
True
Let j = -3032 + 69253. Is j composite?
False
Let z be 49/(1029/(-126))*(-1)/2. Let w be 3/(-2)*64/(-24). Suppose -z*u + 16722 = w*a + 5735, 0 = -3*a - 4*u + 8249. Is a prime?
False
Let o(s) = s**2 - 3*s - 15. Let w be o(-7). Let v = w + -39. Is 49/2*(-14 + v) a composite number?
True
Let c(y) = 31570*y - 5433. Is c(5) prime?
True
Let f(k) = 3*k**2 - 9*k + 39. Let t be f(7). Let p = 212 - t. Is p composite?
False
Let n = -124 - -127. Is 1395 + (-4 - (-18)/n) a composite number?
True
Suppose r - 13 = -l, -61 = -2*r + 6*l - l. Let b be (5/3)/(r/20628). Is b/4 - (-24)/16 a prime number?
True
Let z = 704 - 705. Is ((-14)/56)/(1*z/40732) a prime number?
False
Let l = -1323 + 1864. Suppose -u = 2*p - l, -4*u + u - 3*p = -1623. Is u a prime number?
True
Suppose 5*a = -4*g + 49 + 88, -2*g + 106 = 4*a. Suppose 5*p - a = 60. Is (p/6 - 2/(-12)) + 988 prime?
True
Let n(r) = -r**3 - 2*r**2 + 5*r + 1. Suppose -6*u + 10 - 52 = 0. Is n(u) prime?
True
Let p(z) = z**2 - 3*z - 8. Let x be p(5). Suppose 12216 = 4*l + x*l. Is (l/6)/(2/3) composite?
False
Let b(i) = 4*i**3 - 54*i**2 + 22